(14 - -9) + (-6 - -5 - 1).
21
Calculate -9 + 29 + -11 - -1 - 24.
-14
(-11 - -4) + (-7 - -33)
19
What is the value of 7 + -14 + (-12 + 12 - (-6 - 2))?
1
Calculate -18 + 14 + (0 - 29) + 5 - 10.
-38
Evaluate -20 - (30 + -33 + (-6 - (0 + -2))).
-13
What is the value of -5 + 4 + (-2 - -11) + -1?
7
(1 - 18) + 95 + -60
18
What is 3 - (8 - 9) - (8 + (-6 - -20))?
-18
What is the value of 13 + -13 + -5 - 11?
-16
What is the value of -3 + (6 + (-1 - (-2 + 1)) - -2)?
5
Evaluate (3 - ((9 - -3) + -6)) + 4.
1
Calculate -17 + 6 - (-11 + 11 + 4).
-15
What is 1 + 3 + (-22 - -24 - (1 - -12))?
-7
-3 + -6 + 13 - (22 + -8)
-10
Calculate 9 + -23 + 22 + 32 + -5 - 5.
30
Calculate (2 - -14) + (-16 - -4).
4
Calculate (-40 + 21 - -13) + 7.
1
(5 - 2) + (30 - (16 - -14))
3
What is -37 - (-4 - 43) - 30?
-20
What is 15 + (2 - 2) - (536 + -539)?
18
9 + (2 - 3 - (-69 - -77)) + -1
-1
Calculate 2 + 29 + 7 + -22.
16
Evaluate -4 + (21 + -18 - 17).
-18
What is (2 - -10) + (12 - 24 - 29)?
-29
Evaluate 11 + -4 + (-11 - -10) + (16 - 0).
22
2 - (42 - (16 + 8))
-16
17 - (22 + 4 - 11)
2
Evaluate -31 - -40 - (0 + 1 + -4).
12
Evaluate 15 + 1 - (617 + -612).
11
What is the value of (2 - -1 - (3 - 1)) + -5?
-4
Calculate -29 + (-27 + 25 - -62).
31
36 + (-35 - -22) + -45
-22
8 + (-3 - 9 - -9 - 9)
-4
What is the value of 1 - (3 + (8 - 9) - 0)?
-1
8 + -7 + 4 + -1 + -8 + 0
-4
22 + (-28 - (7 - 17))
4
Evaluate 8 + -15 - (-12 - -28).
-23
Evaluate -6 + 7 + (10 - (-1 + 15)).
-3
Evaluate (1 - (2 - -1)) + -13 - (7 + -12).
-10
What is (-15 - (-2 + 3)) + 7 - -6?
-3
Calculate 6 - (-7 - ((7 - 13) + -9)) - 3.
-5
(-9147 - -9162) + (-36 - (0 + 0))
-21
What is 6 - (4 + -8 + (6 + -10 - -21))?
-7
What is -7 + (-11 - ((6 - -4) + -37))?
9
What is (-14 - -4) + (0 - -2) + 24 + 0?
16
Evaluate 6 + (17 + 1 - ((27 - -9) + -40)).
28
What is the value of (26 - (-15 + 35)) + (4 - 0)?
10
What is the value of 2 + -3 + (1 + 14 - (6 - 5))?
13
Calculate (2 - -3) + (28 - 17 - 18).
-2
What is -317 + 321 - (-1 - 19)?
24
Calculate 7 - (9 - 5) - (12 - 2) - -3.
-4
-8 - -2 - (-3 + -5 + -1 + 3)
0
Evaluate -6 - (24 + -23 - 27).
20
173 + -178 + (-2 - 0)
-7
Evaluate 19 - (12 - (26 - 21)).
12
Calculate (42 - 14) + (-2 + -2 - 11).
13
Evaluate 1 + -9 + (-15 - (18 - 42)) - 9.
-8
What is 7 - (-10 + (27 - ((1 - 2) + -6)))?
-17
Evaluate 32 + -35 + 2 + 0 + (0 - 1).
-2
Calculate (-2 - 24) + 14 + 22.
10
(0 - (1 - 14)) + (-2 - 1)
10
What is 4 + -22 + (-9 - (3 + 1)) + 9?
-22
Evaluate (-2 + -1 + -31 - 4) + (-109 - -120).
-27
14 - (-11 + (14 - -2))
9
Evaluate 5 - (-3 - (-1 - (-6 + 9))).
4
(-1 - -3 - (122 + -129)) + -7
2
(-64 - -60) + (1 - 10) + (-1 - -4)
-10
Calculate 2 - (4 + 0 - (-3 - 2)) - -8.
1
What is the value of -20 - (4 - 0 - 18)?
-6
Evaluate (-4 - (-8 - 2)) + (2 - 18).
-10
What is the value of -7 - (-3 + (3 - 3) + 4) - 5?
-13
What is the value of 1 + (-7 - 0) + (56 - 57) + 14?
7
Evaluate -9 + 14 + 5 + -1 + -14 + 4.
-1
What is -11 - (-4 - 9 - (20 + -32))?
-10
1 + (17 + -8 - 9)
1
1 + 11 - (-12 - ((-1 - 20) + 16))
19
-5 + 1 + -16 + 17 + (1 - 3)
-5
Evaluate -1 - (1 + -12) - (6 + -50 + 26).
28
-22 - -1 - (-42 + (-53 - -107))
-33
What is (8 - 21) + 53 + -28?
12
-12 + -4 + 2 + 12
-2
Evaluate (-2 - -12) + (-46 - (37 + -65)).
-8
123 + -118 + -13 + 0 + -17 + 0
-25
6 - 1 - (-10 - (-43 - -33))
5
What is -6 - 6 - (6 - 15)?
-3
Evaluate -3 + (0 + 4 - -3) - (-2 - 4).
10
Evaluate 7 + -20 + 14 - (18 + -3).
-14
What is the value of 10 - 12 - (7 + (-4 - (-24 + 3)))?
-26
Calculate (1 - 25) + -21 + -12 + 43.
-14
What is 13 + -10 + (-17 - -16)?
2
Evaluate 33 - (59 - (49 + -19)).
4
22 + (-1 - (-11 - -21 - 1 - 10))
22
-11 - -21 - -14 - (-1 - -10)
15
7 - ((9 - (20 + -15)) + -5 + 0)
8
What is (4 - 13) + 9 - -6?
6
What is -20 + (-45 - -59) - -41?
35
What is the value of -33 + 7 - (-22 + -10 + 18)?
-12
What is the value of 2 - (17 + (-4 - 0) + -12 + 10)?
-9
What is -15 - -16 - (0 + 13 + -7 + 12)?
-17
-14 + (14 - 7) - 1
-8
What is 9 + -1 + 18 + -22 + -20?
-16
Evaluate (-21 - (-17 + 2) - (0 - 3)) + 12.
9
What is the value of -27 + (83 - (12 - -9))?
35
Calculate 1 - -2 - (-85 + 78) - -10.
20
Evaluate (-10 - -35) + -19 + 5.
11
0 - -4 - (13 + (-8 - 0)) - 7
-8
0 - 4 - (3 - 20) - 37
-24
-8 - (11 - (-5 - 0) - 8)
-16
Calculate -638 + 623 + (5 - (1 - 1)).
-10
-16 - -1 - (-27 + 80 - 47)
-21
-4 + 14 - (18 - (9 + 5) - -3)
3
6 + (-6 - -15 - 20)
-5
What is 1 - -1 - -4 - (58 - 36 - 20)?
4
Evaluate (17 + -9 - (1 + 0)) + (-16 - -7).
-2
Evaluate -2 + 2 + -4 - (-1 + 1).
-4
What is -15 + -100 + 105 + -5 + 0?
-15
Evaluate 1 + -1 + 0 - (57 + -33 - 22).
-2
What is (-1 - -1) + (-4 - -11)?
7
Evaluate (4 - (2 - 1)) + -6 + 5 + 13.
15
What is 13 + -12 - 17 - -20?
4
Calculate (-1 - 2) + -3 + 2 + 1.
-3
(-5 - (-14 + -3)) + -1
11
What is 8 - (9 + -1 + -14)?
14
Calculate 52 + 0 - (405 + -377).
24
What is (14 - (-8 - -20)) + 15?
17
Calculate 23 + -81 - (-10 - 25).
-23
Calculate -117 + 111 - (-17 - 0).
11
What is 0 - 8 - (-4 - -24 - (86 + -61))?
-3
Evaluate -8 - (-16 + (9 - -11)).
-12
Evaluate -10 - (9 - 30) - (0 - 7).
18
-24 + 13 - -10 - 5 - 10
-16
-1 - -2 - (-8 - (8 + -16))
1
Calculate 6 + (-17 - -7) + 25 + -11.
10
Calculate -10 - (-5 - (-13 - -13) - 7).
2
(3 - -7) + (11 - 17) + -3 + 1
2
1 - (-8 - (-1 - 14 - -20))
14
Evaluate 23 + 24 + -28 + 13.
32
What is the value of 10 - (-13 - (-20 - 17))?
-14
20 + (-17 - (-16 - -9))
10
What is -27 + (52 + -59 - (-8 - -1))?
-27
What is the value of (17 - (12 - 1)) + 16 - 13?
9
What is the value of -3 + (-5 - -3) + (-3 - 0 - -1)?
-7
4 - (0 - (5 - (16 + -6))) - -14
13
Evaluate (0 - -2) + (-15 - (-4 - 1) - 2).
-10
Calculate -22 + (-18 - -24) - -22.
6
21 + (23 - 25 - 15)
4
What is (11 - 43 - (-5 - 9)) + -5?
-23
What is (-93 - -62 - -48) + (0 - 10)?
7
39 - ((19 - 8) + 2)
26
-2 + (-2 - (-6 - -9) - 0 - 3)
-10
Evaluate (23 - 73 - -79) + (0 - (-2 - -9)).
22
What is -10 - (-26 + 9 + -23)?
30
Evaluate (1 - -1) + -202 + 192.
-8
Calculate 2 - 2 - (82 - 70).
-12
(15 - (23 - 3)) + 2
-3
Calculate -11 - (-1 - 3) - (-39 - -54).
-22
What is the value of 12 - -2 - -1 - (-1287 + 1305)?
-3
Evaluate -3 + 11 + 1 + -12.
-3
What is the value of 2 + 1 - (12 + -23 + 7)?
7
What is -2 + -7 - (-66 - -49)?
8
What is -5 - ((-14 - 1) + (18 - 15) - 3)?
10
Calculate (-2 - (12 - (-2 + 5))) + -6.
-17
What is (2 - -1) + 5 + -12 + (-4 - 0)?
-8
Evaluate (23 - 4) + (-21 - (11 + -22)) + 5.
14
Evaluate -3 - 4 - (-17 - (-1 - -12 - 5)).
16
-5 - (-6 - (2 + -1 + 0)) - 8
-6
What is the value of -2 + -2 + 14 + (50 - 57)?
3
Evaluate 12 + 6 + -21 + -20 + 33.
10
Evaluate (11 + -5 - -11) + (-33 - -1).
-15
What is the value of -1069 + 1103 + (1 - 39)?
-4
Evaluate -19 - -13 - 2 - (0 - (1 - 4)).
-11
Calculate (112 + 15 - 127) + (0 - (1 - 1)).
0
Evaluate -36 - (-35 - -22) - -4.
-19
What is the value of 16 + -51 - (20 + -40)?
-15
What is the value of -7 + 2 - (6 + -2) - (-24 - -19)?
-4
Calculate -24 + (11 - -3 - -2).
-8
Calculate 15 + -6 + -26 + (-12 - -25).
-4
Evaluate -11 - (1 - 3) - (3 - -1 - 35).
22
What is the value of (-22 + 20 - 9) + (0 - -28)?
17
What is 50 + (4 - 33) + 8?
29
Evaluate (6 - (4 - -8)) + -2 + 8.
0
Evaluate (-5 + 12 - 4) + -4.
-1
Evaluate 69 - 56 - (4 - -12) - (-6 + -3).
6
What is -7 + (14 - 2) - 5?
0
6 + -13 - (-15 - -10 - (6 + -28))
-24
Calculate -1 + (24 + -13 - 4) + -4 + 0.
2
What is 17 + 39 + -7 + -11 + -6?
32
What is -13 + (-15 - (-42 + -4))?
18
What is the value of -4 - (6 - (-5 + 14))?
-1
Evaluate 26 + -16 + (3 - (-36 + 15)).
34
3 - (-15 + (13 - 0))
5
-80 + 84 + (-2 - 1)
1
What is (-17 - -41) + -8 - (-1 - 0)?
17
(5 - -8) + -1 + 7 + -18
1
9 + (0 - 5 - 8 - 2)
-6
Calculate (-1 + 5 - -1) + -4 + (-2 - -1).
0
Calculate 4 + (1 - (7 + 5) - -11 - 8).
-4
-24 + 11 + -37 + 28
-22
What is 14 + 1 + 3 + 10 + -21 + 1?
8
What is 6 - 7 - -6 - (-9 - -3)?
11
What is 14 + -13 + (1 - 7) - (-1 + -1)?
-3
What is -15 - (-188 + 138 - (1 + -8))?
28
What is -2 + (-12 - ((10 - 5) + -5))?
-14
Calculate 2 - 0 - 4 - (-43 - (4 - 24)).
21
What is 32 - (24 + -7 + 6)?
9
Evaluate 0 - (-9 + (6 - 6)).
9
What is the value of 27 - 37 - (-30 - (13 - 7))?
26
-24 - 1 - (-6 + -5 + (13 - 12))
-15
Calculate 27 + -36 + 7 + 18.
16
Calculate -13 - (5 - 19 - (51 + -55)).
-3
What is the value of -4 + 43 + -26 + (-12 - 0)?
1
7 + 4 + -9 + -10
-8
What is the value of 16 + -19 + (-7 - 4 - -7)?
-7
7 - (16 + -2 - 8) - (1 + 2)
-2
-7 + 44 + (21 - 52)
6